d by 55.
54
Calculate the remainder when 8902 is divided by 17.
11
What is the remainder when 465 is divided by 43?
35
What is the remainder when 1970 is divided by 403?
358
Calculate the remainder when 5938 is divided by 18.
16
What is the remainder when 102 is divided by 83?
19
What is the remainder when 68 is divided by 52?
16
What is the remainder when 169 is divided by 25?
19
What is the remainder when 2993 is divided by 102?
35
Calculate the remainder when 78 is divided by 5.
3
What is the remainder when 83 is divided by 29?
25
What is the remainder when 446 is divided by 92?
78
What is the remainder when 914 is divided by 15?
14
What is the remainder when 140 is divided by 54?
32
What is the remainder when 214 is divided by 22?
16
Calculate the remainder when 454 is divided by 24.
22
Calculate the remainder when 2199 is divided by 55.
54
Calculate the remainder when 4028 is divided by 62.
60
Calculate the remainder when 1824 is divided by 73.
72
What is the remainder when 299 is divided by 40?
19
What is the remainder when 367 is divided by 3?
1
Calculate the remainder when 1195 is divided by 92.
91
Calculate the remainder when 384 is divided by 35.
34
What is the remainder when 1042 is divided by 95?
92
Calculate the remainder when 648 is divided by 170.
138
What is the remainder when 103 is divided by 22?
15
Calculate the remainder when 326 is divided by 48.
38
Calculate the remainder when 234 is divided by 35.
24
What is the remainder when 2271 is divided by 16?
15
Calculate the remainder when 417 is divided by 10.
7
What is the remainder when 214 is divided by 44?
38
What is the remainder when 3894 is divided by 206?
186
Calculate the remainder when 640 is divided by 217.
206
What is the remainder when 168 is divided by 10?
8
What is the remainder when 244 is divided by 41?
39
Calculate the remainder when 75 is divided by 37.
1
What is the remainder when 652 is divided by 41?
37
What is the remainder when 282 is divided by 22?
18
Calculate the remainder when 78 is divided by 20.
18
Calculate the remainder when 874 is divided by 172.
14
What is the remainder when 1459 is divided by 62?
33
Calculate the remainder when 138 is divided by 14.
12
Calculate the remainder when 30042 is divided by 29.
27
Calculate the remainder when 1357 is divided by 80.
77
What is the remainder when 120 is divided by 33?
21
Calculate the remainder when 78 is divided by 70.
8
Calculate the remainder when 133 is divided by 4.
1
Calculate the remainder when 139 is divided by 24.
19
Calculate the remainder when 1484 is divided by 89.
60
What is the remainder when 82 is divided by 32?
18
Calculate the remainder when 281 is divided by 22.
17
Calculate the remainder when 269 is divided by 15.
14
Calculate the remainder when 542 is divided by 137.
131
What is the remainder when 976 is divided by 319?
19
Calculate the remainder when 487 is divided by 298.
189
What is the remainder when 419 is divided by 70?
69
What is the remainder when 6383 is divided by 26?
13
Calculate the remainder when 142 is divided by 17.
6
What is the remainder when 2088 is divided by 95?
93
Calculate the remainder when 1566 is divided by 159.
135
Calculate the remainder when 438 is divided by 10.
8
Calculate the remainder when 171 is divided by 6.
3
Calculate the remainder when 48 is divided by 16.
0
Calculate the remainder when 768 is divided by 125.
18
Calculate the remainder when 4379 is divided by 14.
11
Calculate the remainder when 483 is divided by 34.
7
Calculate the remainder when 4442 is divided by 7.
4
What is the remainder when 49 is divided by 25?
24
What is the remainder when 1634 is divided by 162?
14
Calculate the remainder when 10248 is divided by 205.
203
Calculate the remainder when 261 is divided by 82.
15
What is the remainder when 160 is divided by 105?
55
Calculate the remainder when 2188 is divided by 2178.
10
What is the remainder when 8 is divided by 3?
2
Calculate the remainder when 494 is divided by 100.
94
Calculate the remainder when 123 is divided by 111.
12
Calculate the remainder when 273 is divided by 78.
39
Calculate the remainder when 244 is divided by 7.
6
Calculate the remainder when 12445 is divided by 21.
13
What is the remainder when 720 is divided by 22?
16
Calculate the remainder when 123 is divided by 18.
15
Calculate the remainder when 2152 is divided by 30.
22
What is the remainder when 475 is divided by 62?
41
What is the remainder when 24087 is divided by 146?
143
What is the remainder when 432 is divided by 146?
140
What is the remainder when 142 is divided by 25?
17
What is the remainder when 76 is divided by 28?
20
What is the remainder when 491 is divided by 68?
15
What is the remainder when 59 is divided by 12?
11
Calculate the remainder when 2440 is divided by 54.
10
What is the remainder when 9229 is divided by 8?
5
What is the remainder when 2229 is divided by 5?
4
Calculate the remainder when 52 is divided by 37.
15
Calculate the remainder when 3316 is divided by 81.
76
What is the remainder when 776 is divided by 285?
206
What is the remainder when 175 is divided by 25?
0
Calculate the remainder when 295 is divided by 116.
63
Calculate the remainder when 1603 is divided by 73.
70
What is the remainder when 81 is divided by 33?
15
Calculate the remainder when 147 is divided by 39.
30
Calculate the remainder when 157 is divided by 10.
7
Calculate the remainder when 538 is divided by 11.
10
Calculate the remainder when 59135 is divided by 192.
191
Calculate the remainder when 103 is divided by 41.
21
What is the remainder when 6393 is divided by 46?
45
Calculate the remainder when 8494 is divided by 12.
10
What is the remainder when 1630 is divided by 39?
31
Calculate the remainder when 124 is divided by 35.
19
What is the remainder when 2010 is divided by 226?
202
Calculate the remainder when 29 is divided by 20.
9
Calculate the remainder when 291 is divided by 135.
21
Calculate the remainder when 823 is divided by 141.
118
What is the remainder when 101 is divided by 8?
5
Calculate the remainder when 2075 is divided by 16.
11
Calculate the remainder when 874 is divided by 868.
6
Calculate the remainder when 18 is divided by 3.
0
Calculate the remainder when 756 is divided by 11.
8
What is the remainder when 826 is divided by 140?
126
Calculate the remainder when 133 is divided by 39.
16
What is the remainder when 1875 is divided by 37?
25
Calculate the remainder when 76 is divided by 67.
9
What is the remainder when 1271 is divided by 39?
23
What is the remainder when 182 is divided by 42?
14
Calculate the remainder when 4695 is divided by 162.
159
Calculate the remainder when 1390 is divided by 458.
16
Calculate the remainder when 12125 is divided by 10.
5
Calculate the remainder when 1512 is divided by 496.
24
Calculate the remainder when 6444 is divided by 26.
22
Calculate the remainder when 688 is divided by 30.
28
What is the remainder when 993 is divided by 25?
18
What is the remainder when 206 is divided by 42?
38
Calculate the remainder when 1135 is divided by 71.
70
Calculate the remainder when 271 is divided by 31.
23
Calculate the remainder when 116 is divided by 13.
12
What is the remainder when 35 is divided by 13?
9
Calculate the remainder when 90 is divided by 70.
20
Calculate the remainder when 3935 is divided by 179.
176
What is the remainder when 64 is divided by 5?
4
What is the remainder when 1503 is divided by 137?
133
Calculate the remainder when 1231 is divided by 77.
76
What is the remainder when 111 is divided by 55?
1
What is the remainder when 614 is divided by 285?
44
Calculate the remainder when 622 is divided by 39.
37
Calculate the remainder when 1659 is divided by 83.
82
Calculate the remainder when 231 is divided by 9.
6
What is the remainder when 2015 is divided by 126?
125
What is the remainder when 617 is divided by 27?
23
Calculate the remainder when 644 is divided by 97.
62
What is the remainder when 3331 is divided by 275?
31
What is the remainder when 176 is divided by 96?
80
Calculate the remainder when 117 is divided by 17.
15
Calculate the remainder when 1579 is divided by 16.
11
Calculate the remainder when 349 is divided by 90.
79
Calculate the remainder when 4462 is divided by 12.
10
